{"id":51301,"date":"2020-08-03T16:56:04","date_gmt":"2020-08-03T19:56:04","guid":{"rendered":"http:\/\/www.auroradecolchagua.cl\/?post_type=product&#038;p=51301"},"modified":"2026-04-14T15:28:34","modified_gmt":"2026-04-14T18:28:34","slug":"preventa-colchagua-en-desconcierto-los-mil-dias-de-la-unidad-popular-y-los-sombrios-albores-de-la-dictadura","status":"publish","type":"product","link":"https:\/\/www.auroradecolchagua.cl\/?product=preventa-colchagua-en-desconcierto-los-mil-dias-de-la-unidad-popular-y-los-sombrios-albores-de-la-dictadura","title":{"rendered":"Colchagua en desconcierto: los mil d\u00edas de la Unidad Popular y los sombr\u00edos albores de la dictadura \/ Reimpresi\u00f3n EEUU"},"content":{"rendered":"","protected":false},"excerpt":{"rendered":"<p><strong>TEMPORALMENTE AGOTADO. NUEVOS EJEMPLARES A FINES DE DICIEMBRE DE 2021 O COMIENZOS DE ENERO DE 2022. RESERVA ABIERTA.<\/strong><\/p>\n<p><strong>REIMPRESI\u00d3N REALIZADA EN ESTADOS UNIDOS.<\/strong><\/p>\n<p><em>Cuando pensamos en el Gobierno de la Unidad Popular, lo m\u00e1s probable es que aflore en nuestra mente la imagen de La Moneda bombardeada aquel 11 de septiembre de 1973, en que el presidente Allende pereci\u00f3. Su administraci\u00f3n, sin embargo, es mucho m\u00e1s que solo aquel tr\u00e1gico final y sus consecuencias.<\/em><\/p>\n<p><em>La provincia de Colchagua, que hasta 1975 ten\u00eda rango de actual regi\u00f3n y era integrada por quince comunas eminentemente rurales, no se mantuvo al margen de los importantes sucesos hist\u00f3ricos que el pa\u00eds viv\u00eda. Muy por el contrario, esta zona fue protagonista del acontecer nacional y as\u00ed se podr\u00e1 conocer en los cap\u00edtulos de este libro. Personajes como el dirigente de los comerciantes Rafael Cumsille, el diputado Joel Marambio y el comunicador Archibaldo Morales, el Chito, son algunos de los principales part\u00edcipes.<\/em><\/p>\n<p><em>Colchagua en desconcierto presenta la historia de la provincia entre 1970 y 1973, desde la campa\u00f1a presidencial que llev\u00f3 a Salvador Allende a la primera magistratura hasta la instalaci\u00f3n de la dictadura c\u00edvico-militar comandada por el general Augusto Pinochet y los atropellos a los derechos humanos cometidos en la zona.<\/em><\/p>\n<h3>Sobre el autor<\/h3>\n<p><strong>Diego Grez-Ca\u00f1ete<\/strong> es director de <em>El Marino<\/em> de Pichilemu. Naci\u00f3 en Santa Cruz el 4 de octubre de 1994 y creci\u00f3 en la citada ciudad costera. A los diez a\u00f1os quer\u00eda ser periodista, y a los 18 fund\u00f3 el diario digital que dirige, uno de los m\u00e1s importantes en la regi\u00f3n de O\u2019Higgins. Ha recibido premios literarios y period\u00edsticos de la Sociedad de Escritores de Chile, la Universidad Andr\u00e9s Bello,<em> El Mercurio<\/em>, entre otros. Siempre interesado en la historia de Colchagua y Cardenal Caro, <strong><em>Colchagua en desconcierto<\/em><\/strong> es su cuarto libro.<\/p>\n","protected":false},"featured_media":51256,"template":"","meta":[],"product_brand":[],"product_cat":[19],"product_tag":[],"class_list":{"0":"post-51301","1":"product","2":"type-product","3":"status-publish","4":"has-post-thumbnail","6":"product_cat-libros","8":"first","9":"instock","10":"sale","11":"shipping-taxable","12":"purchasable","13":"product-type-simple"},"_links":{"self":[{"href":"https:\/\/www.auroradecolchagua.cl\/index.php?rest_route=\/wp\/v2\/product\/51301","targetHints":{"allow":["GET"]}}],"collection":[{"href":"https:\/\/www.auroradecolchagua.cl\/index.php?rest_route=\/wp\/v2\/product"}],"about":[{"href":"https:\/\/www.auroradecolchagua.cl\/index.php?rest_route=\/wp\/v2\/types\/product"}],"wp:featuredmedia":[{"embeddable":true,"href":"https:\/\/www.auroradecolchagua.cl\/index.php?rest_route=\/wp\/v2\/media\/51256"}],"wp:attachment":[{"href":"https:\/\/www.auroradecolchagua.cl\/index.php?rest_route=%2Fwp%2Fv2%2Fmedia&parent=51301"}],"wp:term":[{"taxonomy":"product_brand","embeddable":true,"href":"https:\/\/www.auroradecolchagua.cl\/index.php?rest_route=%2Fwp%2Fv2%2Fproduct_brand&post=51301"},{"taxonomy":"product_cat","embeddable":true,"href":"https:\/\/www.auroradecolchagua.cl\/index.php?rest_route=%2Fwp%2Fv2%2Fproduct_cat&post=51301"},{"taxonomy":"product_tag","embeddable":true,"href":"https:\/\/www.auroradecolchagua.cl\/index.php?rest_route=%2Fwp%2Fv2%2Fproduct_tag&post=51301"}],"curies":[{"name":"wp","href":"https:\/\/api.w.org\/{rel}","templated":true}]}}

Colchagua en desconcierto: los mil días de la Unidad Popular y los sombríos albores de la dictadura / Reimpresión EEUU

<p><strong>TEMPORALMENTE AGOTADO. NUEVOS EJEMPLARES A FINES DE DICIEMBRE DE 2021 O COMIENZOS DE ENERO DE 2022. RESERVA ABIERTA.</strong></p>
<p><strong>REIMPRESIÓN REALIZADA EN ESTADOS UNIDOS.</strong></p>
<p><em>Cuando pensamos en el Gobierno de la Unidad Popular, lo más probable es que aflore en nuestra mente la imagen de La Moneda bombardeada aquel 11 de septiembre de 1973, en que el presidente Allende pereció. Su administración, sin embargo, es mucho más que solo aquel trágico final y sus consecuencias.</em></p>
<p><em>La provincia de Colchagua, que hasta 1975 tenía rango de actual región y era integrada por quince comunas eminentemente rurales, no se mantuvo al margen de los importantes sucesos históricos que el país vivía. Muy por el contrario, esta zona fue protagonista del acontecer nacional y así se podrá conocer en los capítulos de este libro. Personajes como el dirigente de los comerciantes Rafael Cumsille, el diputado Joel Marambio y el comunicador Archibaldo Morales, el Chito, son algunos de los principales partícipes.</em></p>
<p><em>Colchagua en desconcierto presenta la historia de la provincia entre 1970 y 1973, desde la campaña presidencial que llevó a Salvador Allende a la primera magistratura hasta la instalación de la dictadura cívico-militar comandada por el general Augusto Pinochet y los atropellos a los derechos humanos cometidos en la zona.</em></p>
<h3>Sobre el autor</h3>
<p><strong>Diego Grez-Cañete</strong> es director de <em>El Marino</em> de Pichilemu. Nació en Santa Cruz el 4 de octubre de 1994 y creció en la citada ciudad costera. A los diez años quería ser periodista, y a los 18 fundó el diario digital que dirige, uno de los más importantes en la región de O’Higgins. Ha recibido premios literarios y periodísticos de la Sociedad de Escritores de Chile, la Universidad Andrés Bello,<em> El Mercurio</em>, entre otros. Siempre interesado en la historia de Colchagua y Cardenal Caro, <strong><em>Colchagua en desconcierto</em></strong> es su cuarto libro.</p>
