{"id":51262,"date":"2018-11-24T20:40:54","date_gmt":"2018-11-24T23:40:54","guid":{"rendered":"http:\/\/www.auroradecolchagua.cl\/?post_type=product&#038;p=51262"},"modified":"2025-03-10T14:29:56","modified_gmt":"2025-03-10T17:29:56","slug":"51262","status":"publish","type":"product","link":"https:\/\/www.auroradecolchagua.cl\/?product=51262","title":{"rendered":"Apellidos y elementos \u00e9tnicos que han intervenido en la poblaci\u00f3n de Pichilemu y en la genealog\u00eda del Cardenal Jos\u00e9 Mar\u00eda Caro Rodr\u00edguez"},"content":{"rendered":"","protected":false},"excerpt":{"rendered":"<p><em>\u00bfTIENE USTED SANGRE JUD\u00c3\u008dA? \u00bfC\u00f3mo se llama usted? \u00bfCu\u00e1l es su apellido? \u00bfQu\u00e9 significa esa forma gramatical que tiene que ver con la toponimia? \u00bfEl suyo con la orograf\u00eda? \u00bfEl de aquel con la hidrograf\u00eda? \u00bfCon las estrellas, la luna, con los colores? \u00bfSabe desde cu\u00e1ndo est\u00e1 ese apellido en nuestro pa\u00eds? \u00bfSi lleg\u00f3 con los compa\u00f1eros de Pedro de Valdivia y forman parte de las llamadas familias fundadoras de Chile y de Pichilemu?<\/em><\/p>\n<p><em>Hablar en Am\u00e9rica de un pueblo es hablar de todos, decir de todos, nombrar a todos. Uno a uno de nosotros estamos en esos repetidos apellidos. Apellidos que viajaron con esos marinos desde la Pen\u00ednsula Ib\u00e9rica y que conservamos en nuestro mestizaje. \u00bfC\u00f3mo se llama usted? \u00bfSabe qu\u00e9 significa su apellido? \u00bfDe d\u00f3nde viene? \u00bfTiene usted sangre jud\u00eda?<\/em><\/p>\n<h3>Sobre el autor<\/h3>\n<p><strong>Jorge Aravena Llanca<\/strong> procede de una familia tradicional del pueblo de Ciruelos, progenie del pujante balneario de Pichilemu. Ha escrito diversas obras que se afincan en el inter\u00e9s interno del pueblo desde su creaci\u00f3n. Es autor, adem\u00e1s, de canciones populares, que son en Pichilemu bastante conocidas. El 20 de mayo de 1997 fue honrado, por su ilustraci\u00f3n literaria y difusi\u00f3n cultural, Hijo Ilustre de Pichilemu.<\/p>\n","protected":false},"featured_media":51263,"template":"","meta":[],"product_brand":[],"product_cat":[19],"product_tag":[],"class_list":{"0":"post-51262","1":"product","2":"type-product","3":"status-publish","4":"has-post-thumbnail","6":"product_cat-libros","8":"first","9":"instock","10":"sale","11":"shipping-taxable","12":"purchasable","13":"product-type-simple"},"_links":{"self":[{"href":"https:\/\/www.auroradecolchagua.cl\/index.php?rest_route=\/wp\/v2\/product\/51262","targetHints":{"allow":["GET"]}}],"collection":[{"href":"https:\/\/www.auroradecolchagua.cl\/index.php?rest_route=\/wp\/v2\/product"}],"about":[{"href":"https:\/\/www.auroradecolchagua.cl\/index.php?rest_route=\/wp\/v2\/types\/product"}],"wp:featuredmedia":[{"embeddable":true,"href":"https:\/\/www.auroradecolchagua.cl\/index.php?rest_route=\/wp\/v2\/media\/51263"}],"wp:attachment":[{"href":"https:\/\/www.auroradecolchagua.cl\/index.php?rest_route=%2Fwp%2Fv2%2Fmedia&parent=51262"}],"wp:term":[{"taxonomy":"product_brand","embeddable":true,"href":"https:\/\/www.auroradecolchagua.cl\/index.php?rest_route=%2Fwp%2Fv2%2Fproduct_brand&post=51262"},{"taxonomy":"product_cat","embeddable":true,"href":"https:\/\/www.auroradecolchagua.cl\/index.php?rest_route=%2Fwp%2Fv2%2Fproduct_cat&post=51262"},{"taxonomy":"product_tag","embeddable":true,"href":"https:\/\/www.auroradecolchagua.cl\/index.php?rest_route=%2Fwp%2Fv2%2Fproduct_tag&post=51262"}],"curies":[{"name":"wp","href":"https:\/\/api.w.org\/{rel}","templated":true}]}}