{"id":51250,"date":"2018-06-19T02:45:03","date_gmt":"2018-06-19T05:45:03","guid":{"rendered":"http:\/\/www.grezcanete.com\/?post_type=product&#038;p=51250"},"modified":"2025-07-24T05:11:48","modified_gmt":"2025-07-24T08:11:48","slug":"provincia-cardenal-caro-institucionalidad-autoridades-locales","status":"publish","type":"product","link":"https:\/\/www.auroradecolchagua.cl\/?product=provincia-cardenal-caro-institucionalidad-autoridades-locales","title":{"rendered":"Provincia Cardenal Caro: institucionalidad y autoridades locales"},"content":{"rendered":"","protected":false},"excerpt":{"rendered":"<p><em>\u201cNavidad, Litueche, La Estrella, Marchig\u00fce, Pichilemu y Paredones son las comunas que integran la provincia Cardenal Caro, en la costa de la regi\u00f3n de O\u2019Higgins.<\/em><\/p>\n<p><em>Constituyen la zona m\u00e1s apartada y menos desarrollada de la regi\u00f3n, debido al centralismo que ha practicado hist\u00f3ricamente el gobierno.<\/em><\/p>\n<p><em>La creaci\u00f3n de la provincia, en 1979, propici\u00f3, aunque de manera dispar, el tan anhelado progreso de estas comunidades. En este libro podremos conocer algo m\u00e1s sobre las instituciones locales y quienes han guiado sus caminos.\u201d\u009d<\/em><\/p>\n<p><strong>Sobre el autor<\/strong><br \/>\nDiego Grez-Ca\u00f1ete naci\u00f3 en Santa Cruz el 4 de octubre de 1994. Curs\u00f3 estudios de administraci\u00f3n p\u00fablica e historia en la Universidad de Chile. En 2013 fund\u00f3 el sitio web <i>Memoria Pichilemina<\/i>, que difundi\u00f3 art\u00edculos y otros antecedentes relativos a la identidad local. Es director del diario digital <i>El Marino<\/i> y autor de los libros \u201cCr\u00f3nicas de Pichilemu\u201d\u009d y \u201cCamino al progreso\u201d\u009d, ambos sobre la historia de la comuna de Pichilemu.<\/p>\n<p><a href=\"https:\/\/books.google.cl\/books?id=eFwvDwAAQBAJ\"><strong>Ver en Google Books<\/strong><\/a><\/p>\n","protected":false},"featured_media":51258,"template":"","meta":[],"product_brand":[],"product_cat":[19],"product_tag":[],"class_list":{"0":"post-51250","1":"product","2":"type-product","3":"status-publish","4":"has-post-thumbnail","6":"product_cat-libros","8":"first","9":"outofstock","10":"sale","11":"shipping-taxable","12":"purchasable","13":"product-type-simple"},"_links":{"self":[{"href":"https:\/\/www.auroradecolchagua.cl\/index.php?rest_route=\/wp\/v2\/product\/51250","targetHints":{"allow":["GET"]}}],"collection":[{"href":"https:\/\/www.auroradecolchagua.cl\/index.php?rest_route=\/wp\/v2\/product"}],"about":[{"href":"https:\/\/www.auroradecolchagua.cl\/index.php?rest_route=\/wp\/v2\/types\/product"}],"wp:featuredmedia":[{"embeddable":true,"href":"https:\/\/www.auroradecolchagua.cl\/index.php?rest_route=\/wp\/v2\/media\/51258"}],"wp:attachment":[{"href":"https:\/\/www.auroradecolchagua.cl\/index.php?rest_route=%2Fwp%2Fv2%2Fmedia&parent=51250"}],"wp:term":[{"taxonomy":"product_brand","embeddable":true,"href":"https:\/\/www.auroradecolchagua.cl\/index.php?rest_route=%2Fwp%2Fv2%2Fproduct_brand&post=51250"},{"taxonomy":"product_cat","embeddable":true,"href":"https:\/\/www.auroradecolchagua.cl\/index.php?rest_route=%2Fwp%2Fv2%2Fproduct_cat&post=51250"},{"taxonomy":"product_tag","embeddable":true,"href":"https:\/\/www.auroradecolchagua.cl\/index.php?rest_route=%2Fwp%2Fv2%2Fproduct_tag&post=51250"}],"curies":[{"name":"wp","href":"https:\/\/api.w.org\/{rel}","templated":true}]}}

<p><em>“Navidad, Litueche, La Estrella, Marchigüe, Pichilemu y Paredones son las comunas que integran la provincia Cardenal Caro, en la costa de la región de O’Higgins.</em></p>
<p><em>Constituyen la zona más apartada y menos desarrollada de la región, debido al centralismo que ha practicado históricamente el gobierno.</em></p>
<p><em>La creación de la provincia, en 1979, propició, aunque de manera dispar, el tan anhelado progreso de estas comunidades. En este libro podremos conocer algo más sobre las instituciones locales y quienes han guiado sus caminos.”</em></p>
<p><strong>Sobre el autor</strong><br />
Diego Grez-Cañete nació en Santa Cruz el 4 de octubre de 1994. Cursó estudios de administración pública e historia en la Universidad de Chile. En 2013 fundó el sitio web <i>Memoria Pichilemina</i>, que difundió artículos y otros antecedentes relativos a la identidad local. Es director del diario digital <i>El Marino</i> y autor de los libros “Crónicas de Pichilemu” y “Camino al progreso”, ambos sobre la historia de la comuna de Pichilemu.</p>
<p><a href="https://books.google.cl/books?id=eFwvDwAAQBAJ"><strong>Ver en Google Books</strong></a></p>
